hen o is divided by 6?
2
Let s be 26/(-4) - -7 - 147/(-2). Suppose -84 = -s*g + 71*g. What is the remainder when 53 is divided by g?
25
Let y(a) = -20 - a - 3*a + 17 - 4*a. Let p = 16 + -8. What is the remainder when p is divided by y(-1)?
3
Let y = 1730 + -1135. What is the remainder when y is divided by 50?
45
Calculate the remainder when 362 is divided by 27/(540/128) + 3/5.
5
Let x(s) = 6*s**2 - 8. Let p be x(-4). Suppose -7*r + 8*r - p = 0. What is the remainder when r is divided by 15?
13
What is the remainder when 66 is divided by 8/(-6*(85/(-30))/17)?
2
Let k = 2 - -14. Suppose -r - 4*a - 13 = 0, -3*a = a + k. Suppose 2*s + 2 = r*s. What is the remainder when 2 is divided by s?
0
Let h(p) = p**3 + 34*p**2 + 32*p - 35. Let u be h(-33). Calculate the remainder when 44 is divided by (7 + u)/((11 + -4)/21).
14
Let u(t) = 111*t**2 - 5*t. Let z(p) = p. Let n(s) = u(s) + 3*z(s). Let q be n(-1). Let j = q - 63. Calculate the remainder when j is divided by 26.
24
Let d be (4/5)/((-4)/30). Let x(i) = 7*i**2 + 30*i + 47. What is the remainder when x(-5) is divided by 27/d*20/(-6)?
12
Suppose 0 = 2*l - 3*l + 2. Suppose -5*x = -s - 77, -63 = -x - l*x - 5*s. Calculate the remainder when (93*(-1)/2)/((-12)/16) is divided by x.
14
Let r be 132/8*2 + 3. Calculate the remainder when (-27)/r + 22/8 is divided by (-2)/(-6) - (-5)/3.
0
Suppose 0 = -12*t + 8*t + 48. Suppose -2*k - 42 = k. Let p(v) = -3*v - 7. Calculate the remainder when p(k) is divided by t.
11
Let i = 37 + 16. Suppose 63 = 4*n - 53. Suppose 4*g - 4*q + 9*q - n = 0, g - 2*q = 17. Calculate the remainder when i is divided by g.
9
Suppose 5*y - 699 = 4*o, -y + 93 = o - 45. Calculate the remainder when y is divided by 6.
1
Suppose 438*p = 454*p - 368. Calculate the remainder when 182 is divided by p.
21
Let w = -43 + 43. Suppose 16 = r + 4*z - w*z, 43 = 2*r - 3*z. Calculate the remainder when (-2)/(-4)*6*26 is divided by r.
18
Suppose 4*j = 27*j - 1541. What is the remainder when 532 is divided by j?
63
Let z(f) = -f**3 + 3*f**2 + 4*f - 2. Let i = -16 + 22. Calculate the remainder when (i/(-12))/((-3)/102) is divided by z(3).
7
Suppose 5*o + 34 = 119. Suppose 120*g = 148*g - 2296. Calculate the remainder when g is divided by o.
14
Let a(x) = -13*x + 205. What is the remainder when 522 is divided by a(14)?
16
What is the remainder when (-14)/8 + (-14220)/(-80) is divided by 36?
32
Suppose -12 = -8*j + 5*j. Suppose 3*o + 2*g - 6 = j*o, 17 = 3*o + g. Let c(i) = i**3 - 3*i**2 + 5*i - 4. What is the remainder when c(o) is divided by 17?
15
Let b(a) = a + 17. Let n be b(11). Let t be ((-3)/6)/((-2)/n). Suppose -r = -24 - t. Calculate the remainder when r is divided by 8.
7
What is the remainder when (5/(-50) + (-18)/20)*-139 is divided by 35?
34
Let i = -760 - -876. Calculate the remainder when i is divided by 32.
20
Suppose -7*v - 21 = -91. Suppose -v*w + 2*w + 136 = 0. What is the remainder when 66 is divided by w?
15
Let x(k) = k + 6. Suppose 584*c - 273 = 571*c. Calculate the remainder when c is divided by x(6).
9
Suppose 0 = -4*r + 4*s + 344, r + s - 70 = -2*s. Let w = -49 + r. Calculate the remainder when w is divided by 9.
6
Let k(q) = 25*q - 5. Suppose -2*j - l + 20 = 0, 0*j + 12 = 2*j + 5*l. Let y = -9 + j. Calculate the remainder when k(y) is divided by 16.
13
What is the remainder when 890 is divided by 465/(-3 + 8) - (3 - 9)?
98
Let i = -1097 + 1135. Calculate the remainder when 1481 is divided by i.
37
Let x(f) = 43*f**2 - f - 2. What is the remainder when 125 is divided by x(-1)?
41
Suppose 0 = -4*o + n + 204, -18*o - 3*n + 188 = -14*o. What is the remainder when 199 is divided by o?
49
Suppose -9*i + 20 = -7*i + 2*m, 0 = -5*i - m + 38. What is the remainder when 65 is divided by i?
2
Let p(t) = 6*t - 7. Suppose 2*w - 10 = 2*l, -4*l = -2*w - 5*l + 10. Let b(h) = 5*h**2 - 2*h - 1. What is the remainder when p(w) is divided by b(-1)?
5
Let p = 39 + -36. Suppose -2*m = -4*o - 36, 3*o = -p*m + 51 + 30. Suppose -3*r - 285 = -3*g, 3*g + 3*r = -g + 380. What is the remainder when g is divided by m?
23
Let s be (26/8)/((-2)/8). Let b = 26 + s. Let r = -59 - -97. Calculate the remainder when r is divided by b.
12
What is the remainder when 8 + (-60)/8 + 309/2 is divided by 26?
25
Let m = -51 + -9. Let z = 88 + m. What is the remainder when 223 is divided by z?
27
Suppose 0 = -4*w + 3*m + 2432, 17*m = 3*w + 12*m - 1835. What is the remainder when w is divided by 101?
100
Let v(i) = -4*i**2 + 8*i + 14. Let r(m) = -5*m**2 + 9*m + 14. Let s(a) = -5*r(a) + 6*v(a). What is the remainder when 92 is divided by s(-6)?
28
Calculate the remainder when 89 is divided by (40/(-6))/((-12)/18).
9
Let k(m) = 3*m + 132. What is the remainder when 880 is divided by k(-41)?
7
Let p = -875 + 991. What is the remainder when 371 is divided by p?
23
Let y(p) = 18*p + 253. Calculate the remainder when y(-6) is divided by 77.
68
Let n(v) = v**3 - 9*v**2 + 4*v - 19. Let k be n(9). Suppose k = 3*l + 2*d - 38, 2*d = 4*l - 78. Let w = 22 - 13. Calculate the remainder when l is divided by w.
1
Let h be ((-60)/(-25))/((-6)/40). Let s = -14 - h. What is the remainder when s is divided by 1?
0
Let v(l) = -l**3 - 2*l**2 + 1 - 4*l - 7*l + 14*l. Calculate the remainder when 2 is divided by v(-3).
0
Suppose -4*n + 5*k + 260 = -n, -2 = -k. Let a = 49 + -30. What is the remainder when n is divided by a?
14
Let z(b) = -b**2 + 6*b + 0*b + 10*b - 2*b - b**3 + 5. Calculate the remainder when z(-6) is divided by 13.
10
Let n = 89 - 84. Suppose 0 = -n*z + 5*t + 121 + 4, -115 = -5*z + 3*t. What is the remainder when 34 is divided by z?
14
Let s = 1873 - 1124. What is the remainder when s is divided by 25?
24
Calculate the remainder when 41 is divided by (-27 - -55)*(-6)/(-8).
20
Suppose -7*v - 9*v = -864. Let s = v + -38. What is the remainder when 52 is divided by s?
4
Suppose -5*d + 45 = 5*i, 10*d - 39 = 5*d - 3*i. Suppose d*c = 3*c + 585. What is the remainder when c is divided by 18?
15
Calculate the remainder when 126 is divided by (3 + 2/(-2))*8.
14
Suppose -123*y + 116*y = -392. What is the remainder when y is divided by 16?
8
Suppose -3*x + 52 = -x. Suppose 2*a + x = 262. Let j = a - 77. What is the remainder when j is divided by 14?
13
Let i = -195 + 241. Calculate the remainder when 102 is divided by i.
10
Calculate the remainder when 2/(-4) + 2 + 850/20 is divided by 23.
21
Let t(r) = -r**3 + r**2. Let v = -28 + 28. Suppose 2*i - 3*a - 58 = v, 0*a = -2*i + a + 66. Calculate the remainder when i is divided by t(-2).
11
Let f = -602 + 633. Let l = 93 + -55. Calculate the remainder when l is divided by f.
7
Suppose 4*n + 4*a = 4 + 24, 35 = 5*n - 5*a. Suppose -11*i + 24 = -n*i. Suppose -8*k = -5*k - 45. Calculate the remainder when k is divided by i.
3
Calculate the remainder when 1018/18 - (-24)/54 is divided by 16.
9
Let u = 137 + -80. Let h = -1136 - -1146. Calculate the remainder when u is divided by h.
7
Let r = 24 + 9. Let f = -16962 - -16981. Calculate the remainder when r is divided by f.
14
Let t(l) = l**3 - 7*l**2 + 2*l - 9. Let z be 3/(-2)*(4 - 10/1). What is the remainder when z + (6/(-4) - 23/(-46)) is divided by t(7)?
3
Let v be 274/16 - 13/104. Let t = v - 1. What is the remainder when t is divided by 10?
6
Calculate the remainder when 75 is divided by (-1 + (4 - 5))*-7.
5
Let d = 50 + -33. Let w = 1985 + -1979. What is the remainder when d is divided by w?
5
Let q be 2 - 12/2 - -4. Let s(r) = r**3 - r**2 + 2*r + 17. Let t = -16 + 26. What is the remainder when s(q) is divided by t?
7
What is the remainder when 213 is divided by ((-6)/(-1))/(-15 + 274/18)?
24
Suppose 5*s - r - 82 = 0, -13*r + 18*r = -35. What is the remainder when (2 + -8)/((-1)/9) is divided by s?
9
Suppose -s = -o - 1, 4*o + 4*s = 2*o + 16. Calculate the remainder when (-213)/(4/(-8)*o) is divided by 54.
51
Suppose 104 = 2*z - 3*o, -6*z + 2*z = -3*o - 202. Calculate the remainder when z is divided by (-80)/(-440) + (-546)/(-22).
24
Let f = 41 - 29. Let g(d) = d**3 - 4*d**2 - 6*d - 8. Let b be g(6). Let q = 6 + b. What is the remainder when q is divided by f?
10
Let l be (-2 - (-24)/14) + (-42075)/105. Suppose -28 = -t - 3*t. Calculate the remainder when (-2)/t - l/7 is divided by 20.
17
Let a(h) = h**3 + 10*h**2 - 13*h + 3. Suppose 2*j = -j - 3